16 - (-5 - (-13 + 1))) + 4
13
What is -1 - (-2 + 5 + 0)?
-4
-4 + 7 + (6 - 3 - (-3 - -2))
7
Evaluate 30 - 23 - (1 + 13).
-7
-99 + 89 + 9 + (-4 - (1 - 2))
-4
What is the value of (-19 + 8 - -9) + 0 + 3 + 16?
17
-2 + (27 - (-15 + 30) - (-7 - -1))
16
What is 68 + -81 + 5 + (0 - -1) + 0?
-7
Evaluate 4 + (-25 - (-16 - -10)).
-15
Calculate (2 - (1 - 2) - 5) + (10 - 8).
0
What is the value of -5 + (-1 - (1 + 2) - -3)?
-6
What is (2 - 4) + 3 - (18 - (-22 + 36))?
-3
-16 + -3 + 2 - (-33 + 23 - -9)
-16
What is -18 - (5 + 2 + -6 + -9)?
-10
What is the value of (0 + (-1 - -11) - 1) + (29 - 24)?
14
-10 - (-1 + -21) - 18
-6
What is (15 - 0) + (33 - 87) - (-9 - 2)?
-28
What is the value of 17 - (-19 - (28 - 41))?
23
What is the value of 2 + -1 + -1 - (-16 - -5)?
11
Evaluate -24 - (16 + -32) - -9.
1
Evaluate -25 + (-9 - (-6 - 10)).
-18
Calculate -13 + -1 + 43 + -9.
20
What is the value of 40 + (-5 - (10 - -16))?
9
What is the value of (-10 + (-24 - -12) - (11 + -5)) + 1?
-27
What is 18 + -5 + -21 - -19?
11
Calculate -20 - ((0 - 17 - (-21 - -16)) + 8).
-16
-16 + 6 + 4 - -15
9
What is (7 - 1) + (-39 - -39) - 19?
-13
8 - ((22 - 31) + (0 - -11))
6
What is the value of 9 - ((3 - (1 - 7)) + 12) - 1?
-13
What is -5 + (4 - 8) + -30 + 34?
-5
What is -28 + (-38 - 3 - -34)?
-35
16 + (-11 - (1 + (-5 - -1))) + -9
-1
Calculate -1 - ((-12 + 4 - (-3 + 5)) + 5).
4
Evaluate 13 + (-21 + 36 - (0 - -7)) + -12.
9
What is the value of 10 - (8 - (10 + 7))?
19
Evaluate (2 - (-11 + 1 - (44 - 47))) + -6.
3
201 + -217 + (-2 - 0) + 5 + -2
-15
What is the value of (-9 - -21) + -11 + (3 - 0)?
4
Calculate -3 - (9 + 1 - (3 + (-6 - -8))).
-8
What is -10 + -5 + -1 - -6 - (-2 + 1)?
-9
What is the value of 536 + -521 + 0 + -9?
6
Calculate 0 - -1 - (-14 + 18 + -12 - -16).
-7
What is the value of -7 + 1 + (-14 - ((10 - -1) + -5))?
-26
Evaluate -2 - (-6 + 12 + (-6 - 0)).
-2
What is 12 + (9 - 30 - -14)?
5
What is 2 - -23 - (10 - -7)?
8
What is the value of -9 - (3 - ((-4 - (-10 - -4)) + -4))?
-14
What is (16 - 1) + (-11 - (7 - 10))?
7
Calculate -191 - -186 - (-3 - (-8 - -1)).
-9
Calculate -10 + -3 + 6 - (-4 + -17) - -7.
21
What is the value of (1 - 10) + -25 + -12 + 36?
-10
Calculate -7 - (3 - (-24 - -8)) - 1.
-27
Calculate -25 - -63 - (15 - -7).
16
Evaluate (-3 - -27 - -1 - 5) + 22 + -15.
27
What is the value of (124 + -132 - (-2 - (-2 - -28))) + -6?
14
6 + (6 - 41) + 16
-13
What is the value of -229 + 228 + -13 + 0 - 11?
-25
What is the value of -7 + -11 - (-1 + -20)?
3
What is -23 + (14 - -1) + 11 + 9?
12
1 + 5 + 3 - (-28 + 52)
-15
What is the value of -9 - (-19 + -8) - 39?
-21
Calculate 3 - (-7 - (1 - (-2 + 1 + 2))).
10
What is -27 - (-11 - (21 - 20))?
-15
What is the value of -2 + (-6 - 9) + 6 + 7?
-4
What is -6 + -1 + 1 - (26 - 5 - 33)?
6
Evaluate -25 + (-1 - -2) + 439 + -431.
-16
What is the value of (-6 - (-4 - 6) - 4) + 9?
9
What is the value of -38 + (11 + -8 - (2 - 4))?
-33
What is the value of 0 + -2 + -8 + -1 - (-120 + 120)?
-11
27 - (14 - (8 - 1 - 0))
20
What is -61 + 71 + -10 + 4 + -3?
1
What is -280 - -273 - (-2 - (6 - 3) - -2)?
-4
6 + 1 - (-10 + 0)
17
Evaluate (4 - 3) + -43 + 27.
-15
-37 + 32 - (-1 - 14) - -14
24
7 + 5 - (12 + -1)
1
What is the value of 55 + -59 + (2 - 7) - 0 - 1?
-10
-15 - (12 + -15) - (-41 + 12)
17
What is the value of -15 - (-5 + 10 - 5 - (23 + -21))?
-13
What is the value of (-3 + 9 - -1) + -4 - (-12 - -9)?
6
Evaluate -6 + (-15 - (-18 + 6)) + 1.
-8
What is the value of 14 + -9 + 1 + -5?
1
What is (3 + 9 - (-13 - -33)) + 11?
3
What is the value of 1 + (8 - (-15 - -11)) + 13?
26
What is the value of 0 + -2 - 2 - (19 - (30 - 17))?
-10
Evaluate (29 - -1) + (4 - -14 - 20).
28
Evaluate -11 + (32 - 2) + -48.
-29
Evaluate -10 + 1 + (20 - (19 + -7)) + -18.
-19
2 - (-20 - -8 - -20)
-6
1 - 22 - (-244 - -202)
21
Calculate -7 + (0 - -2) + (1 - 5) + 14.
5
(-1 - -2 - 3) + -6 + 150 + -130
12
6 + -6 + 7 + 3 + -4 + 1
7
Evaluate 5 + (-27 - (-38 - -22)).
-6
Calculate -13 + 1 + -245 + 246.
-11
Evaluate (33 - -1) + -189 + 135.
-20
What is the value of -12 + -2 - (-5 - -1)?
-10
-5 - (9 - (2 - -4) - 1)
-7
What is 19 + -11 + 18 + -14?
12
30 + 6 + (4 - 29)
11
What is 32 + (-4 - ((-79 - -70) + 14 + 0))?
23
What is -14 - (-8 - 8) - -6?
8
What is 1 - -7 - (-14 + 23 + (8 - 8))?
-1
What is 6 - (1 + -7 + 11 - (-10 + -15))?
-24
-3 - (7 + -3 + -1 - (38 - 48))
-16
What is the value of -27 - (-28 + 30 - 25)?
-4
Calculate -15 - 1 - (-5 - (-2 + 6)).
-7
Evaluate (-518 - -559) + -14 + 1.
28
What is -42 - ((8 - (21 + -12)) + -11)?
-30
Evaluate (20 - (-26 + 41)) + -13.
-8
What is (-1 - -15 - (-121 - -121)) + (4 - 5)?
13
Calculate 4 + -8 + (-12 - -13) + (0 - -2).
-1
What is 1 + 0 + (-29 + 19 - -4)?
-5
-2 + 4 - (-8 + 4)
6
Calculate 3 + (6 - (-7 - -3)) + (-5 - 0).
8
What is the value of 11 + (5 - 0) + 76 + -89 - 4?
-1
What is (1 - -6) + 2 + -13 - -11?
7
What is the value of 12 - (-46 + 42 + 7 + 2)?
7
What is the value of (-9 - -1) + (-1 - -10) - 14?
-13
Calculate 5 - (8 + -2 + (-9 - -1) + -7).
14
-9 - (-3 + 8 - 14)
0
Calculate -17 - (13 + -17 + 3).
-16
20 - (-4 - (-10 + 0) - -7)
7
What is -62 - (-17 - (2 - 0)) - -10?
-33
What is 19 + -15 + -16 - 13?
-25
Evaluate -12 + (20 - 4) + (-23 - 4).
-23
Calculate (5 - -11) + -22 - (-1 + 6).
-11
What is the value of -154 + 129 + (-2 - -32)?
5
Calculate -12 + 2 + 26 - (-3 - -6).
13
What is (20 - 1) + (-6 + 46 - 32)?
27
What is (4 - (0 - 2)) + 1754 + -1751?
9
Evaluate 11 + (3 - 5 - (-5 + -1 - -7)).
8
Evaluate 40 - (34 + 68) - -32.
-30
Evaluate (-22 - -3) + 13 - -13.
7
What is (9 - (8 + 5 - -3)) + -6?
-13
Calculate (1 - -2) + -1 + 5 + 74 + -92.
-11
7 - (-2 + 11 - (4 - 11))
-9
Calculate -20 + 9 + -2 + 23 - 8.
2
What is the value of -12 + 0 + (-255 - -233)?
-34
What is the value of 37 + -2 - (319 + -305)?
21
Calculate 2 + (-28 + 14 - -2).
-10
Evaluate 43 + 12 + 14 + -39.
30
Calculate (40 - -2) + -24 - (40 - 0).
-22
Calculate -19 + (-3 - -3) + (-8 - (-4 + -10)).
-13
8 - (-6 + 0 + (31 - 0))
-17
Evaluate -7 + 6 - (20 + (11 - 6 - 11)).
-15
Calculate (-15 - 0) + (316 - 285).
16
Evaluate -1 + -21 - -22 - (-8 + 1).
7
1 + 9 - 10 - -1
1
(-1 - (-5 + 2 - (3 + 1))) + 2
8
Calculate 0 + 8 + 15 + (-8 - -4).
19
What is 7 + -10 - (-8 - (4 - -12))?
21
What is (-5 - (-2 - 3)) + (12 - 13) - 23?
-24
Evaluate (-94 + 38 - -80) + (0 - (-2 + -2)).
28
What is 14 + (18 - 8) + -21?
3
What is (-5 - (-7 - 7) - (-4 + 13)) + -24?
-24
What is -11 + (16 - 9) - (-2 + 0 + 6)?
-8
(-6 - 1) + (37 - 38)
-8
(-15 - 1) + 5 + 9 + -16
-18
Calculate -52 - -41 - (1 - 11) - 16.
-17
Calculate -23 - (2 - 19 - -4).
-10
What is -43 + 3 + (-20 - -41)?
-19
Calculate 3 + (8 - -3) - 7 - -6.
13
What is (-7 + 2 - 0) + (12 - 10)?
-3
What is the value of (-1 - -6 - -1) + -191 + 178?
-7
What is -3 + 11 - ((-7 - -9) + -2) - 18?
-10
Evaluate -12 + -1 + -297 + 301.
-9
-11 + -2 + 8 + 14
9
What is -13 - ((-35 - -73) + -77)?
26
What is the value of 5 + 11 + 2 + 18 + -7?
29
Calculate (-9 + 1 + 4 - -12) + -20.
-12
Calculate -3 + (12 - 3) - (32 + -5 - -1).
-22
What is (-1 - -10) + (1568 - 1576)?
1
What is 126 + -111 - (1 - 11)?
25
What is -4 + 8 - 6 - (3 - (16 - 22))?
-11
Evaluate -128 + 105 - (1 - 3).
-21
Evaluate -16 + 2 + (17 - (11 - 47)).
39
What is 467 + -443 - (-8 - -2)?
30
56 - 63 - (-5 - -3)
-5
Calculate 48 + -67 + -8 + 4.
-23
Evaluate 6 + -2 + -3 + 7 + 5 + 2.
15
-5 - (-12 + 1 - (-20 + 13 + 5))
4
Calculate -3 + -7 + -1 + 1 + 8.
-2
What is the value of 19 + 9 + -12 + 18?
34
What is the value of -5 + 9 + (-3 - (5 + (0 - 9)))?
5
What is 7 - 20 - -45 - 0?
32
What is 1 + -6 + 8 + 17 + -23?
-3
21 - (24 + -8 + 13)
-8
Evaluate -14 + (33 - (-10 + 21)).
8
What is the value of -8 + 0 + 5 + -5 + 8?
0
Evaluate 98 - 101 - (1 + (2 - 3 - -9)).
-12
What is (-25 - -56) + -40 + -3 + -1?
-13
Evaluate 12 - (9 - -13) - (-3 + -3 - -22).
-26
What is the value of -10 - ((-4 + -8 - 9) + -1)?
12
What is -18 - ((-13 - -4) + 1 - 3)?
-7
-5 - 1 - (-71 - (10 - 80))
-5
What is 22 - (-26 + 58 - 24)?
14
Evaluate 1 - -9 - (9 + 11 - 24).
14
-10 + 39 - (63 - 32)
-2
(-1 - 1) + -1064 + 1066
0
What is the value of 25 + (-8 - (44 + -32))?
5
Evaluate -1 + 20 + (-2 - (9 - 14) - 8).
14
What is (-13 - (-7 + -27)) + -18?
3
What is the value of 8 + -4 - 6 - (1 + -10) - 12?
-5
What is the value of -12 - 3 - (25 - 28)?
-12
What is -23 + 10 + 12 + 3?
2
Evaluate 17 + -21 + (21 - 2